{"id":533,"date":"2019-12-25T19:20:57","date_gmt":"2019-12-25T18:20:57","guid":{"rendered":"http:\/\/www.visioninterieure.fr\/hevidanse\/?page_id=533"},"modified":"2023-02-13T14:22:45","modified_gmt":"2023-02-13T13:22:45","slug":"qui-je-suis","status":"publish","type":"page","link":"https:\/\/www.visioninterieure.fr\/hevidanse\/index.php\/qui-je-suis\/","title":{"rendered":"Qui je suis"},"content":{"rendered":"\t\t<div data-elementor-type=\"wp-page\" data-elementor-id=\"533\" class=\"elementor elementor-533\" data-elementor-settings=\"[]\">\n\t\t\t\t\t\t<div class=\"elementor-inner\">\n\t\t\t\t\t\t\t<div class=\"elementor-section-wrap\">\n\t\t\t\t\t\t\t<section class=\"elementor-section elementor-top-section elementor-element elementor-element-55fd9b6 elementor-section-boxed elementor-section-height-default elementor-section-height-default\" data-id=\"55fd9b6\" data-element_type=\"section\">\n\t\t\t\t\t\t<div class=\"elementor-container elementor-column-gap-default\">\n\t\t\t\t\t\t\t<div class=\"elementor-row\">\n\t\t\t\t\t<main class=\"elementor-column elementor-col-100 elementor-top-column elementor-element elementor-element-a2ca3ef\" data-id=\"a2ca3ef\" data-element_type=\"column\">\n\t\t\t<div class=\"elementor-column-wrap elementor-element-populated\">\n\t\t\t\t\t\t\t<div class=\"elementor-widget-wrap\">\n\t\t\t\t\t\t<div class=\"elementor-element elementor-element-b3131e2 elementor-widget elementor-widget-text-editor\" data-id=\"b3131e2\" data-element_type=\"widget\" data-widget_type=\"text-editor.default\">\n\t\t\t\t<div class=\"elementor-widget-container\">\n\t\t\t\t\t\t\t\t<div class=\"elementor-text-editor elementor-clearfix\">\n\t\t\t\t<p class=\"western\"><span style=\"font-weight: normal;\"><img loading=\"lazy\" class=\"alignnone size-medium wp-image-1478\" src=\"https:\/\/www.visioninterieure.fr\/hevidanse\/wp-content\/uploads\/2022\/03\/reine-300x271.jpg\" alt=\"\" width=\"300\" height=\"271\" srcset=\"https:\/\/www.visioninterieure.fr\/hevidanse\/wp-content\/uploads\/2022\/03\/reine-300x271.jpg 300w, https:\/\/www.visioninterieure.fr\/hevidanse\/wp-content\/uploads\/2022\/03\/reine.jpg 730w\" sizes=\"(max-width: 300px) 100vw, 300px\" \/>Depuis l&rsquo;enfance, je sens l&rsquo;appel de la danse qui sera pour moi un moyen d&rsquo;expression essentiel , Elle r\u00e9pond au besoin de sentir la vie pulser en moi et devient r\u00e9silience,<\/span><\/p><p class=\"western\">Initi\u00e9e \u00e0 partir de 19 ans \u00e0 la<span style=\"font-weight: normal;\"> danse moderne, puis contemporaine et africaine, <\/span><span style=\"font-weight: normal;\">je d\u00e9couvre le plaisir de transmettre en <\/span>2000 ,<\/p><p class=\"western\" style=\"font-weight: normal;\">Je me forme ensuite en Danse Th\u00e9rapie avec l&rsquo;artec et obtient un certificat en 2008 : \u00ab\u00a0Praticienne en techniques educatives corporelles de bien \u00eatre et relation d&rsquo;aide &#8211; M\u00e9diateur Danse Th\u00e9rapie\u00a0\u00bb<\/p><p class=\"western\">La recherche de spiritualit\u00e9 me guide vers la philosophie bouddhique puis je d\u00e9couvre la danse d&rsquo;inspiration Soufi ou danse derviche avec Michel Raji, Suzanne osberg, Rana Gorgani, Nadia Makhoul , Indira Melloul et Sonia Aubel.<\/p><p class=\"western\">Attir\u00e9e par la Danse Transe et les Etats modifi\u00e9s de conscience, je rencontre\u00a0le chamanisme avec Catlin Cobb puis\u00a0\u00a0je d\u00e9cide de suivre\u00a0\u00a0les s\u00e9minaires chamaniques avec la FSS (F\u00e9d\u00e9ration Shamanic Studies) en France avec Alexandra Viverge et Laurent\u00a0 Huguelit.<\/p><p class=\"western\">L&rsquo;exploration se poursuit.<\/p><p class=\"western\" style=\"margin-bottom: 0cm;\"><u>la vie est pour moi, sentir et pr\u00e9sence\u00a0:<\/u><\/p><p class=\"western\" style=\"margin-bottom: 0cm;\">Pr\u00e9sence \u00e0 mes sensations, mes \u00e9motions, le contact \u00e0 moi et \u00e0 l\u2019autre \u00e0 travers les sens\u00a0: vue, ouie, toucher<\/p><p class=\"western\" style=\"margin-bottom: 0cm;\">C\u2019est une respiration, une succession de vagues avec ses flux et ses refux,<\/p><p class=\"western\" style=\"margin-bottom: 0cm;\">C\u2019est le r\u00eave et l\u2019action, donner et recevoir,<\/p><p class=\"western\" style=\"margin-bottom: 0cm;\">la vie est impermanence, elle se transforme , bouge tout le temps. Il n\u2019y a pas de fixit\u00e9 m\u00eame dans l\u2019immobilit\u00e9<\/p><p class=\"western\" style=\"margin-bottom: 0cm; font-weight: normal;\">Le l\u00e2cher prise\u00a0: c\u2019est dire oui \u00e0 ce qui est, oui \u00e0 la vie,<\/p><p>Danser pour me relier \u00e0 plus grand que moi.<\/p><p><style type=\"text\/css\">\n\t\t@page { margin: 2cm }<br \/>\t\tp { margin-bottom: 0.21cm; direction: ltr; color: #000000; text-align: left; orphans: 0; widows: 0 }<br \/>\t\tp.western { font-family: \"Times New Roman\", serif; font-size: 12pt; so-language: fr-FR }<br \/>\t\tp.cjk { font-family: \"SimSun\"; font-size: 12pt; so-language: zh-CN }<br \/>\t\tp.ctl { font-family: \"Mangal\"; font-size: 12pt; so-language: hi-IN }<br \/>\t\ta:link { so-language: zxx }<br \/>\t<\/style><\/p><p class=\"western\" style=\"margin-bottom: 0cm;\">la Danse me montre le chemin,<\/p><p class=\"western\" style=\"margin-bottom: 0cm;\"><b>\u00a0<\/b><\/p><p class=\"western\" style=\"margin-bottom: 0cm;\"><b>Sylve<\/b><\/p>\t\t\t\t\t<\/div>\n\t\t\t\t\t\t<\/div>\n\t\t\t\t<\/div>\n\t\t\t\t\t\t<\/div>\n\t\t\t\t\t<\/div>\n\t\t<\/main>\n\t\t\t\t\t\t\t\t<\/div>\n\t\t\t\t\t<\/div>\n\t\t<\/section>\n\t\t\t\t\t\t<\/div>\n\t\t\t\t\t\t<\/div>\n\t\t\t\t\t<\/div>\n\t\t","protected":false},"excerpt":{"rendered":"<p>Depuis l&rsquo;enfance, je sens l&rsquo;appel de la danse qui sera pour moi un moyen d&rsquo;expression essentiel , Elle r\u00e9pond au besoin de sentir la vie&hellip;<\/p>\n","protected":false},"author":1,"featured_media":0,"parent":0,"menu_order":0,"comment_status":"closed","ping_status":"closed","template":"","meta":{"_mc_calendar":[]},"_links":{"self":[{"href":"https:\/\/www.visioninterieure.fr\/hevidanse\/index.php\/wp-json\/wp\/v2\/pages\/533"}],"collection":[{"href":"https:\/\/www.visioninterieure.fr\/hevidanse\/index.php\/wp-json\/wp\/v2\/pages"}],"about":[{"href":"https:\/\/www.visioninterieure.fr\/hevidanse\/index.php\/wp-json\/wp\/v2\/types\/page"}],"author":[{"embeddable":true,"href":"https:\/\/www.visioninterieure.fr\/hevidanse\/index.php\/wp-json\/wp\/v2\/users\/1"}],"replies":[{"embeddable":true,"href":"https:\/\/www.visioninterieure.fr\/hevidanse\/index.php\/wp-json\/wp\/v2\/comments?post=533"}],"version-history":[{"count":33,"href":"https:\/\/www.visioninterieure.fr\/hevidanse\/index.php\/wp-json\/wp\/v2\/pages\/533\/revisions"}],"predecessor-version":[{"id":1569,"href":"https:\/\/www.visioninterieure.fr\/hevidanse\/index.php\/wp-json\/wp\/v2\/pages\/533\/revisions\/1569"}],"wp:attachment":[{"href":"https:\/\/www.visioninterieure.fr\/hevidanse\/index.php\/wp-json\/wp\/v2\/media?parent=533"}],"curies":[{"name":"wp","href":"https:\/\/api.w.org\/{rel}","templated":true}]}}

<div data-elementor-type="wp-page" data-elementor-id="533" class="elementor elementor-533" data-elementor-settings="[]">
						<div class="elementor-inner">
							<div class="elementor-section-wrap">
							<section class="elementor-section elementor-top-section elementor-element elementor-element-55fd9b6 elementor-section-boxed elementor-section-height-default elementor-section-height-default" data-id="55fd9b6" data-element_type="section">
						<div class="elementor-container elementor-column-gap-default">
							<div class="elementor-row">
					<main class="elementor-column elementor-col-100 elementor-top-column elementor-element elementor-element-a2ca3ef" data-id="a2ca3ef" data-element_type="column">
			<div class="elementor-column-wrap elementor-element-populated">
							<div class="elementor-widget-wrap">
						<div class="elementor-element elementor-element-b3131e2 elementor-widget elementor-widget-text-editor" data-id="b3131e2" data-element_type="widget" data-widget_type="text-editor.default">
				<div class="elementor-widget-container">
								<div class="elementor-text-editor elementor-clearfix">
				<p class="western"><span style="font-weight: normal;"><img loading="lazy" class="alignnone size-medium wp-image-1478" src="https://www.visioninterieure.fr/hevidanse/wp-content/uploads/2022/03/reine-300x271.jpg" alt="" width="300" height="271" srcset="https://www.visioninterieure.fr/hevidanse/wp-content/uploads/2022/03/reine-300x271.jpg 300w, https://www.visioninterieure.fr/hevidanse/wp-content/uploads/2022/03/reine.jpg 730w" sizes="(max-width: 300px) 100vw, 300px" />Depuis l&rsquo;enfance, je sens l&rsquo;appel de la danse qui sera pour moi un moyen d&rsquo;expression essentiel , Elle répond au besoin de sentir la vie pulser en moi et devient résilience,</span></p><p class="western">Initiée à partir de 19 ans à la<span style="font-weight: normal;"> danse moderne, puis contemporaine et africaine, </span><span style="font-weight: normal;">je découvre le plaisir de transmettre en </span>2000 ,</p><p class="western" style="font-weight: normal;">Je me forme ensuite en Danse Thérapie avec l&rsquo;artec et obtient un certificat en 2008 : « Praticienne en techniques educatives corporelles de bien être et relation d&rsquo;aide &#8211; Médiateur Danse Thérapie »</p><p class="western">La recherche de spiritualité me guide vers la philosophie bouddhique puis je découvre la danse d&rsquo;inspiration Soufi ou danse derviche avec Michel Raji, Suzanne osberg, Rana Gorgani, Nadia Makhoul , Indira Melloul et Sonia Aubel.</p><p class="western">Attirée par la Danse Transe et les Etats modifiés de conscience, je rencontre le chamanisme avec Catlin Cobb puis  je décide de suivre  les séminaires chamaniques avec la FSS (Fédération Shamanic Studies) en France avec Alexandra Viverge et Laurent  Huguelit.</p><p class="western">L&rsquo;exploration se poursuit.</p><p class="western" style="margin-bottom: 0cm;"><u>la vie est pour moi, sentir et présence :</u></p><p class="western" style="margin-bottom: 0cm;">Présence à mes sensations, mes émotions, le contact à moi et à l’autre à travers les sens : vue, ouie, toucher</p><p class="western" style="margin-bottom: 0cm;">C’est une respiration, une succession de vagues avec ses flux et ses refux,</p><p class="western" style="margin-bottom: 0cm;">C’est le rêve et l’action, donner et recevoir,</p><p class="western" style="margin-bottom: 0cm;">la vie est impermanence, elle se transforme , bouge tout le temps. Il n’y a pas de fixité même dans l’immobilité</p><p class="western" style="margin-bottom: 0cm; font-weight: normal;">Le lâcher prise : c’est dire oui à ce qui est, oui à la vie,</p><p>Danser pour me relier à plus grand que moi.</p><p><style type="text/css">
		@page { margin: 2cm }<br />		p { margin-bottom: 0.21cm; direction: ltr; color: #000000; text-align: left; orphans: 0; widows: 0 }<br />		p.western { font-family: "Times New Roman", serif; font-size: 12pt; so-language: fr-FR }<br />		p.cjk { font-family: "SimSun"; font-size: 12pt; so-language: zh-CN }<br />		p.ctl { font-family: "Mangal"; font-size: 12pt; so-language: hi-IN }<br />		a:link { so-language: zxx }<br />	</style></p><p class="western" style="margin-bottom: 0cm;">la Danse me montre le chemin,</p><p class="western" style="margin-bottom: 0cm;"><b> </b></p><p class="western" style="margin-bottom: 0cm;"><b>Sylve</b></p>					</div>
						</div>
				</div>
						</div>
					</div>
		</main>
								</div>
					</div>
		</section>
						</div>
						</div>
					</div>

<p>Depuis l&rsquo;enfance, je sens l&rsquo;appel de la danse qui sera pour moi un moyen d&rsquo;expression essentiel , Elle répond au besoin de sentir la vie&hellip;</p>
